{"id":206,"date":"2021-04-08T14:38:20","date_gmt":"2021-04-08T14:38:20","guid":{"rendered":"https:\/\/datarebus.com\/?page_id=206"},"modified":"2021-09-18T09:25:23","modified_gmt":"2021-09-18T09:25:23","slug":"dijital-donusum","status":"publish","type":"page","link":"https:\/\/datarebus.com\/index.php\/dijital-donusum\/","title":{"rendered":"Dijital D\u00f6n\u00fc\u015f\u00fcm"},"content":{"rendered":"<div data-colibri-id=\"206-c1\" class=\"style-451 style-local-206-c1 position-relative\">\n  <!---->\n  <div data-colibri-component=\"section\" data-colibri-id=\"206-c2\" id=\"content\" class=\"h-section h-section-global-spacing d-flex align-items-lg-center align-items-md-center align-items-center style-479 style-local-206-c2 position-relative\">\n    <!---->\n    <!---->\n    <div class=\"h-section-grid-container h-section-boxed-container\">\n      <div data-colibri-id=\"206-c6\" class=\"h-row-container gutters-row-lg-3 gutters-row-md-3 gutters-row-2 gutters-row-v-lg-3 gutters-row-v-md-3 gutters-row-v-3 style-483 style-local-206-c6 position-relative\">\n        <!---->\n        <div class=\"h-row justify-content-lg-start justify-content-md-start justify-content-start align-items-lg-stretch align-items-md-stretch align-items-stretch gutters-col-lg-3 gutters-col-md-3 gutters-col-2 gutters-col-v-lg-3 gutters-col-v-md-3 gutters-col-v-3\">\n          <!---->\n          <div class=\"h-column h-column-container d-flex h-col-lg-auto h-col-md-auto h-col-auto style-484-outer style-local-206-c7-outer\">\n            <div data-colibri-id=\"206-c7\" class=\"d-flex h-flex-basis h-column__inner h-px-lg-2 h-px-md-2 h-px-0 v-inner-lg-2 v-inner-md-2 v-inner-0 style-484 style-local-206-c7 position-relative\">\n              <!---->\n              <!---->\n              <div class=\"w-100 h-y-container h-column__content h-column__v-align flex-basis-100 align-self-lg-start align-self-md-start align-self-start\">\n                <!---->\n                <div data-colibri-id=\"206-c8\" class=\"h-global-transition-all h-heading style-485 style-local-206-c8 position-relative h-element\">\n                  <!---->\n                  <div class=\"h-heading__outer style-485 style-local-206-c8\">\n                    <!---->\n                    <!---->\n                    <h2 class=\"\">Dijital D\u00f6n\u00fc\u015f\u00fcm &lt;&gt; Dijitalle\u015fme<\/h2>\n                  <\/div>\n                <\/div>\n                <div data-colibri-id=\"206-c9\" class=\"h-lead h-text h-text-component style-486 style-local-206-c9 position-relative h-element\">\n                  <!---->\n                  <!---->\n                  <div class=\"\">\n                    <p>Dijital D\u00f6n\u00fc\u015f\u00fcm sadece belirli uygulamalar\u0131n ya da teknolojilerin hayata ge\u00e7irilmesi de\u011fildir. Dijital d\u00f6n\u00fc\u015f\u00fcm insan kaynaklar\u0131, teknoloji, s\u00fcre\u00e7ler ve strateji\/hedefler gibi farkl\u0131 boyutlardan incelenmesi gereken bir sistemdir. Bu\n                      sistemin en b\u00fcy\u00fck amac\u0131 h\u0131zla de\u011fi\u015fen rekabet ortam\u0131na do\u011fru ve \u00e7evik cevaplar \u00fcretebilecek bir altyap\u0131ya sahip olmakt\u0131r.&nbsp;<\/p>\n                  <\/div>\n                <\/div>\n              <\/div>\n            <\/div>\n          <\/div>\n          <div class=\"h-column h-column-container d-flex h-col-lg-auto h-col-md-auto h-col-auto style-504-outer style-local-206-c10-outer\">\n            <div data-colibri-id=\"206-c10\" class=\"d-flex h-flex-basis h-column__inner h-ui-empty-state-container h-px-lg-2 h-px-md-2 h-px-2 v-inner-lg-2 v-inner-md-2 v-inner-2 style-504 style-local-206-c10 position-relative\">\n              <!---->\n              <!---->\n              <div class=\"w-100 h-y-container h-column__content h-column__v-align flex-basis-100\">\n                <!---->\n              <\/div>\n            <\/div>\n          <\/div>\n        <\/div>\n      <\/div>\n      <div data-colibri-id=\"206-c3\" class=\"h-row-container gutters-row-lg-2 gutters-row-md-2 gutters-row-0 gutters-row-v-lg-2 gutters-row-v-md-2 gutters-row-v-2 style-505 style-local-206-c3 position-relative\">\n        <!---->\n        <div class=\"h-row justify-content-lg-center justify-content-md-center justify-content-center align-items-lg-stretch align-items-md-stretch align-items-stretch gutters-col-lg-2 gutters-col-md-2 gutters-col-0 gutters-col-v-lg-2 gutters-col-v-md-2 gutters-col-v-2\">\n          <!---->\n          <div class=\"h-column h-column-container d-flex h-col-lg-auto h-col-md-auto h-col-auto style-506-outer style-local-206-c4-outer\">\n            <div data-colibri-id=\"206-c4\" class=\"d-flex h-flex-basis h-column__inner h-px-lg-2 h-px-md-2 h-px-2 v-inner-lg-2 v-inner-md-2 v-inner-2 style-506 style-local-206-c4 position-relative\">\n              <!---->\n              <!---->\n              <div class=\"w-100 h-y-container h-column__content h-column__v-align flex-basis-100 align-self-lg-start align-self-md-start align-self-start\">\n                <!---->\n                <div data-colibri-id=\"206-c5\" class=\"d-block style-507 style-local-206-c5 position-relative h-element\">\n                  <!---->\n                  <div class=\"h-image__frame-container-outer\">\n                    <div class=\"h-image__frame-container\">\n                      <!---->\n                      <!---->\n                      <img loading=\"lazy\" width=\"1358\" height=\"586\" src=\"https:\/\/datarebus.com\/wp-content\/uploads\/2021\/04\/cropped-dex-yol-haritasi.png\" class=\"wp-image-338 style-507-image style-local-206-c5-image\" srcset=\"https:\/\/datarebus.com\/wp-content\/uploads\/2021\/04\/cropped-dex-yol-haritasi.png 1358w, https:\/\/datarebus.com\/wp-content\/uploads\/2021\/04\/cropped-dex-yol-haritasi-300x129.png 300w, https:\/\/datarebus.com\/wp-content\/uploads\/2021\/04\/cropped-dex-yol-haritasi-1024x442.png 1024w, https:\/\/datarebus.com\/wp-content\/uploads\/2021\/04\/cropped-dex-yol-haritasi-768x331.png 768w\" sizes=\"(max-width: 1358px) 100vw, 1358px\" alt=\"\" \/>\n                      <div class=\"h-image__frame h-hide-lg h-hide-md h-hide-sm style-507-frameImage style-local-206-c5-frameImage\"><\/div>\n                    <\/div>\n                  <\/div>\n                <\/div>\n              <\/div>\n            <\/div>\n          <\/div>\n        <\/div>\n      <\/div>\n    <\/div>\n  <\/div>\n  <div data-colibri-component=\"section\" data-colibri-id=\"206-c18\" id=\"cta\" class=\"h-section h-section-global-spacing d-flex align-items-lg-center align-items-md-center align-items-center style-497 style-local-206-c18 position-relative\">\n    <!---->\n    <!---->\n    <div class=\"h-section-grid-container h-section-boxed-container\">\n      <!---->\n      <div data-colibri-id=\"206-c19\" class=\"h-row-container gutters-row-lg-2 gutters-row-md-2 gutters-row-0 gutters-row-v-lg-2 gutters-row-v-md-2 gutters-row-v-2 style-498 style-local-206-c19 position-relative\">\n        <!---->\n        <div class=\"h-row justify-content-lg-center justify-content-md-center justify-content-center align-items-lg-stretch align-items-md-stretch align-items-stretch gutters-col-lg-2 gutters-col-md-2 gutters-col-0 gutters-col-v-lg-2 gutters-col-v-md-2 gutters-col-v-2\">\n          <!---->\n          <div class=\"h-column h-column-container d-flex h-col-lg h-col-md h-col-auto style-499-outer style-local-206-c20-outer\">\n            <div data-colibri-id=\"206-c20\" class=\"d-flex h-flex-basis h-column__inner h-px-lg-0 h-px-md-0 h-px-2 v-inner-lg-0 v-inner-md-0 v-inner-2 style-499 style-local-206-c20 position-relative\">\n              <!---->\n              <!---->\n              <div class=\"w-100 h-y-container h-column__content h-column__v-align flex-basis-100 align-self-lg-center align-self-md-center align-self-center\">\n                <!---->\n                <div data-colibri-id=\"206-c21\" class=\"h-global-transition-all h-heading style-500 style-local-206-c21 position-relative h-element\">\n                  <!---->\n                  <div class=\"h-heading__outer style-500 style-local-206-c21\">\n                    <!---->\n                    <!---->\n                    <h3 class=\"\">Dijital Olgunluk Seviyesi i\u00e7in daha fazla bilgi istiyorum :&nbsp;<\/h3>\n                  <\/div>\n                <\/div>\n              <\/div>\n            <\/div>\n          <\/div>\n          <div class=\"h-column h-column-container d-flex h-col-lg-auto h-col-md-auto h-col-auto style-501-outer style-local-206-c22-outer\">\n            <div data-colibri-id=\"206-c22\" class=\"d-flex h-flex-basis h-column__inner h-px-lg-0 h-px-md-0 h-px-2 v-inner-lg-0 v-inner-md-0 v-inner-2 style-501 style-local-206-c22 position-relative\">\n              <!---->\n              <!---->\n              <div class=\"w-100 h-y-container h-column__content h-column__v-align flex-basis-auto align-self-lg-center align-self-md-center align-self-center\">\n                <!---->\n                <div data-colibri-id=\"206-c23\" class=\"h-x-container style-502 style-local-206-c23 position-relative h-element\">\n                  <!---->\n                  <div class=\"h-x-container-inner style-dynamic-206-c23-group style-502-spacing style-local-206-c23-spacing\"><span class=\"h-button__outer style-503-outer style-local-206-c24-outer d-inline-flex h-element\"><a h-use-smooth-scroll=\"true\" href=\"http:\/\/dexcenter.org\/\" target=\"_blank\" data-colibri-id=\"206-c24\" class=\"d-flex w-100 align-items-center h-button justify-content-lg-center justify-content-md-center justify-content-center style-503 style-local-206-c24 position-relative\" rel=\"noopener\"><!----><!----> <span>DEX CENTER<\/span><\/a>\n                    <\/span>\n                  <\/div>\n                <\/div>\n              <\/div>\n            <\/div>\n          <\/div>\n        <\/div>\n      <\/div>\n    <\/div>\n  <\/div>\n  <div data-colibri-component=\"section\" data-colibri-id=\"206-c11\" id=\"about\" class=\"h-section h-section-global-spacing d-flex align-items-lg-center align-items-md-center align-items-center style-487 style-local-206-c11 position-relative\">\n    <!---->\n    <!---->\n    <div class=\"h-section-grid-container h-section-boxed-container\">\n      <!---->\n      <div data-colibri-id=\"206-c12\" class=\"h-row-container gutters-row-lg-0 gutters-row-md-0 gutters-row-0 gutters-row-v-lg-0 gutters-row-v-md-0 gutters-row-v-0 style-488 style-local-206-c12 position-relative\">\n        <!---->\n        <div class=\"h-row justify-content-lg-center justify-content-md-center justify-content-center align-items-lg-stretch align-items-md-stretch align-items-stretch gutters-col-lg-0 gutters-col-md-0 gutters-col-0 gutters-col-v-lg-0 gutters-col-v-md-0 gutters-col-v-0\">\n          <!---->\n          <div class=\"h-column h-column-container d-flex h-col-lg-auto h-col-md-auto h-col-auto style-489-outer style-local-206-c13-outer\">\n            <div data-colibri-id=\"206-c13\" class=\"d-flex h-flex-basis h-column__inner h-ui-empty-state-container h-px-lg-0 h-px-md-0 h-px-0 v-inner-lg-0 v-inner-md-0 v-inner-0 style-489 style-local-206-c13 position-relative\">\n              <!---->\n              <!---->\n              <div class=\"w-100 h-y-container h-column__content h-column__v-align flex-basis-100\">\n                <!---->\n              <\/div>\n            <\/div>\n          <\/div>\n          <div class=\"h-column h-column-container d-flex h-col-lg-auto h-col-md-auto h-col-auto style-490-outer style-local-206-c14-outer\">\n            <div data-colibri-id=\"206-c14\" class=\"d-flex h-flex-basis h-column__inner h-px-lg-2 h-px-md-2 h-px-2 v-inner-lg-2 v-inner-md-2 v-inner-2 style-490 style-local-206-c14 position-relative\">\n              <!---->\n              <!---->\n              <div class=\"w-100 h-y-container h-column__content h-column__v-align flex-basis-100 align-self-lg-start align-self-md-start align-self-start\">\n                <!---->\n                <div data-colibri-id=\"206-c15\" class=\"h-global-transition-all h-heading style-491 style-local-206-c15 position-relative h-element\">\n                  <!---->\n                  <div class=\"h-heading__outer style-491 style-local-206-c15\">\n                    <!---->\n                    <!---->\n                    <h5 class=\"\">Dijital d\u00f6n\u00fc\u015f\u00fcm<\/h5>\n                  <\/div>\n                <\/div>\n                <div data-colibri-id=\"206-c16\" class=\"h-global-transition-all h-heading style-492 style-local-206-c16 position-relative h-element\">\n                  <!---->\n                  <div class=\"h-heading__outer style-492 style-local-206-c16\">\n                    <!---->\n                    <!---->\n                    <h3 class=\"\">Dijital D\u00f6n\u00fc\u015f\u00fcm, farkl\u0131 teknolojileri bir araya getiren sistemler b\u00fct\u00fcn\u00fcd\u00fcr.&nbsp;<\/h3>\n                  <\/div>\n                <\/div>\n                <div data-colibri-id=\"206-c17\" class=\"h-text h-text-component style-493 style-local-206-c17 position-relative h-element\">\n                  <!---->\n                  <!---->\n                  <div class=\"\">\n                    <p>DEX Center ile birlikte geli\u015ftirdi\u011fimiz Olgunluk Seviyesi \u00f6l\u00e7\u00fcm metodolojisi ile d\u00f6n\u00fc\u015f\u00fcmdeki yerinizi ve alman\u0131z gereken yolu tespit edebilirsiniz.&nbsp;<\/p>\n                    <p>Firman\u0131z\u0131n i\u00e7 dinamikleri, hedefleri ve stratejisi de\u011ferlendirilerek kendinize ait yol haritas\u0131 olu\u015fturulmal\u0131d\u0131r. bu yolun do\u011fru bir \u015fekilde tan\u0131mlanmas\u0131 i\u00e7in 4 cevaba ihtiya\u00e7 vard\u0131r:<\/p>\n                    <p>1- Mevcut Durum (Olgunluk Seviyesi)<\/p>\n                    <p>2- Var\u0131\u015f Noktas\u0131 (Hedef)<\/p>\n                    <p>3- Strateji ve misyonun g\u00fcncellenmesi<\/p>\n                    <p>4- \u00d6nceliklendirme ve aksiyon plan\u0131<\/p>\n                  <\/div>\n                <\/div>\n              <\/div>\n            <\/div>\n          <\/div>\n        <\/div>\n      <\/div>\n    <\/div>\n  <\/div>\n<\/div>","protected":false},"excerpt":{"rendered":"<p>Dijital D\u00f6n\u00fc\u015f\u00fcm &lt;&gt; Dijitalle\u015fme Dijital D\u00f6n\u00fc\u015f\u00fcm sadece belirli uygulamalar\u0131n ya da teknolojilerin hayata ge\u00e7irilmesi de\u011fildir. Dijital d\u00f6n\u00fc\u015f\u00fcm insan kaynaklar\u0131, teknoloji, s\u00fcre\u00e7ler ve strateji\/hedefler gibi farkl\u0131 boyutlardan incelenmesi gereken bir sistemdir. Bu sistemin en b\u00fcy\u00fck amac\u0131 h\u0131zla de\u011fi\u015fen rekabet ortam\u0131na do\u011fru ve \u00e7evik cevaplar \u00fcretebilecek bir altyap\u0131ya sahip olmakt\u0131r.&nbsp; Dijital Olgunluk Seviyesi i\u00e7in daha fazla bilgi [&hellip;]<\/p>\n","protected":false},"author":1,"featured_media":207,"parent":0,"menu_order":0,"comment_status":"closed","ping_status":"closed","template":"page-templates\/full-width-page.php","meta":[],"_links":{"self":[{"href":"https:\/\/datarebus.com\/index.php\/wp-json\/wp\/v2\/pages\/206"}],"collection":[{"href":"https:\/\/datarebus.com\/index.php\/wp-json\/wp\/v2\/pages"}],"about":[{"href":"https:\/\/datarebus.com\/index.php\/wp-json\/wp\/v2\/types\/page"}],"author":[{"embeddable":true,"href":"https:\/\/datarebus.com\/index.php\/wp-json\/wp\/v2\/users\/1"}],"replies":[{"embeddable":true,"href":"https:\/\/datarebus.com\/index.php\/wp-json\/wp\/v2\/comments?post=206"}],"version-history":[{"count":8,"href":"https:\/\/datarebus.com\/index.php\/wp-json\/wp\/v2\/pages\/206\/revisions"}],"predecessor-version":[{"id":1282,"href":"https:\/\/datarebus.com\/index.php\/wp-json\/wp\/v2\/pages\/206\/revisions\/1282"}],"wp:featuredmedia":[{"embeddable":true,"href":"https:\/\/datarebus.com\/index.php\/wp-json\/wp\/v2\/media\/207"}],"wp:attachment":[{"href":"https:\/\/datarebus.com\/index.php\/wp-json\/wp\/v2\/media?parent=206"}],"curies":[{"name":"wp","href":"https:\/\/api.w.org\/{rel}","templated":true}]}}